5*z + 270621 = 4*y. What are the prime factors of y?
3, 19, 1187
Suppose -5*d + 79*y + 117585 = 74*y, -d - 3*y + 23493 = 0. What are the prime factors of d?
3, 17, 461
Suppose 100642 = 13*r - 13121. Suppose 1055 = -16*c + r. What are the prime factors of c?
13, 37
Suppose 4*w = 2*r - 402, 3*w - 4*r - 39 = -348. Suppose -4*z = 644 + 108. Let d = w - z. What are the prime factors of d?
89
Let q = -675 - -1029. What are the prime factors of (-6 + q/(-18))*-3?
7, 11
Let b(a) be the third derivative of -13*a**4/12 - a**3/6 - 10*a**2 + 2. What are the prime factors of b(-33)?
857
Let g(v) = -15917*v - 572. What are the prime factors of g(-3)?
11, 4289
Let d = -2343 + 6853. What are the prime factors of d/(-15)*-3 - 6*-1?
2, 227
Let u = 370 - 1108. Let n = u + 1002. What are the prime factors of n?
2, 3, 11
Let m(u) = -u + 14. Let c be m(12). Suppose -5 + 15 = c*y. Suppose -4 - 61 = -y*p. List the prime factors of p.
13
Let b = 11 + -9. Suppose -12 = b*i - 20. What are the prime factors of i?
2
Let m(h) = 158*h + 2. Let o(n) = -2*n - 35. Let q(a) = -3*a - 36. Let t(v) = -7*o(v) + 6*q(v). Let s be t(7). List the prime factors of m(s).
2, 5
Suppose -194*w + 202*w - 24 = 0. Suppose 4117 = 4*c - w*y, 0 = 8*c - 3*c - 5*y - 5140. What are the prime factors of c?
1033
Suppose -72609 = -2*t + b, 3*b - 65514 = -4*t + 79669. What are the prime factors of t?
31, 1171
Let s = 129 + -136. Let p(l) = 3*l**2 + 18*l + 18. Let m be p(s). Suppose -37*a + m*a = 52. What are the prime factors of a?
2, 13
Let h be (140/245)/((-2)/(-7)). Suppose -5*a = -a - h*d - 1234, -4*d - 620 = -2*a. What are the prime factors of a?
2, 7, 11
List the prime factors of (-18)/(-36) - 3407058/(-100) - (-38)/(-475).
3, 41, 277
Let t(d) = 38*d - 29. Let h(m) = m**3 + 21*m**2 - 26*m - 60. Let s be h(-22). What are the prime factors of t(s)?
3, 5, 23
Suppose -2*h - 8 = 0, 4*b - 2*b + 5*h + 80 = 0. List the prime factors of ((-964)/b - (-52)/(-65))*12.
2, 47
Let r(v) be the second derivative of -v**5/10 + 8*v**4/3 - 17*v**3/6 - 7*v**2 + 67*v. List the prime factors of r(15).
181
Let v = -8 + -2. Let h be ((-32)/v)/(18/225). Suppose 0 = -2*a + h + 186. What are the prime factors of a?
113
Suppose -29 + 7 = 2*i. Let l(a) = a**2 - 8*a - 39. Let m(k) = -2*k**2 + 14*k + 77. Let v(h) = -11*l(h) - 6*m(h). List the prime factors of v(i).
2, 11
Let t(n) = -n**2 - 5*n + 8. Let c(u) = -u**2 - 6*u + 9. Let x(o) = -5*c(o) + 6*t(o). Let z be x(0). Suppose -2628 = -z*f - 6*f. List the prime factors of f.
2, 73
Suppose 285*f - 282*f = 111. Suppose 0 = f*c - 10*c - 8991. List the prime factors of c.
3, 37
Let f = -109 - -83. What are the prime factors of (22/2)/(f/(-1898))?
11, 73
Let x(n) = -12*n + 18. Let l be x(6). Let o = -70 - l. Let k(g) = -3*g + 33. What are the prime factors of k(o)?
3
Suppose 24*s = 65866 - 4378. Suppose 4*d - s = -5*y, -2*y + 644 = d + y. What are the prime factors of d?
2, 11, 29
Suppose -248*s + 1580101 + 201035 = 0. List the prime factors of s.
2, 3, 7, 19
Let t = -29 - -129. Suppose -512 - t = -17*l. List the prime factors of l.
2, 3
List the prime factors of (-108302)/(-8) + (-6)/(-24).
2, 7, 967
Let k be ((-6 - -4)/(1/45))/(-1). Let z(b) = -73*b + 15 + 135*b - k*b. List the prime factors of z(-5).
5, 31
Suppose 2*v - 18 = 6. Suppose 0 = 18*g - 15*g + v. What are the prime factors of g/(-7) - (-9919)/49?
7, 29
Let x = -109 - -113. Suppose x*s - 1816 = 16. List the prime factors of s.
2, 229
Let t = 32036 + -9590. List the prime factors of t.
2, 3, 29, 43
Suppose 610 + 1100 = 2*q. Let u = q - 509. List the prime factors of u.
2, 173
Let j = 10 + -16. Let c be j/21 - (-23)/7. Suppose 3*i = -n + 27 + 56, -5*i + c*n = -115. List the prime factors of i.
2, 13
Let y(c) = -128 + 32*c - 79*c + 14*c. What are the prime factors of y(-11)?
5, 47
Let b = 15 - 31. Let t = b - -20. Suppose 2*x + 3*k = 46 + 27, 31 = x - t*k. What are the prime factors of x?
5, 7
Suppose -4*t = 10*x - 87147 - 170537, -5*t - 128870 = -5*x. What are the prime factors of x?
2, 3, 5, 859
Let p be (2/(-8))/(10/(-40))*33. Suppose 35*o - p*o = 596. List the prime factors of o.
2, 149
Let f(b) = -b**3 + 8*b**2 - 14*b + 11. Let c be f(5). Suppose -450 = -c*m + 6*m. Suppose t - o = m, 3*t = -t - 3*o + 159. What are the prime factors of t?
2, 3, 7
Let b(d) = -d**3. Let o(z) = 12*z**3 - 8*z**2 - 3*z - 7. Let q(r) = -2*b(r) - o(r). List the prime factors of q(-3).
2, 5, 17
Let n(y) = -y**2 - 9*y - 4. Let v be n(-9). Let d(g) = -3*g**3 + 5*g**2 - 2*g - 12. What are the prime factors of d(v)?
2, 67
Let g(m) = 2*m**2 - 93*m - 198. What are the prime factors of g(-79)?
67, 293
Let b = 55 - -136. Let y = 41 + b. What are the prime factors of y?
2, 29
Let o(f) = 434*f**2 - 42*f - 205. What are the prime factors of o(-6)?
15671
Suppose -19*b - 315 = 2*b. List the prime factors of 4/(-12) + (-3575)/b.
2, 7, 17
Suppose 7*z + 856 = 2417. Suppose 3*w = z + 41. List the prime factors of w.
2, 11
Let v = 3191 + 200. List the prime factors of v.
3391
Let p = 35214 - 23763. What are the prime factors of p?
3, 11, 347
Let l = -57 + 49. Let g(r) = 4*r + 28. Let h be g(l). List the prime factors of -1 + 109 - (-1 - h).
3, 5, 7
Let s(b) = -3*b**3 - 9*b**2 + 4*b - 4. Let i be s(-5). Let q = i + 592. List the prime factors of q.
2, 359
Suppose 2*y + 8 = 3*o - 3, -5*o = y - 27. Let b(u) = 293*u**2 + 5. List the prime factors of b(y).
11, 107
Let h = -1 - 56. Let c(m) = -10*m + 9. Let p be c(4). Let o = p - h. List the prime factors of o.
2, 13
Let j(t) be the third derivative of 1/20*t**6 + 30*t**2 + 1/8*t**4 + 0*t - 1/12*t**5 + 0 - 1/3*t**3. What are the prime factors of j(3)?
2, 31
List the prime factors of 4283/((-9)/1 + 10).
4283
List the prime factors of (95 + -5)*216746/290.
2, 3, 37, 101
Suppose -5*o = 3*u - 30592, -45*u + 4 = -49*u. What are the prime factors of o?
29, 211
Let c = 7038 - 866. List the prime factors of c.
2, 1543
Let p = 16324 - 9326. List the prime factors of p.
2, 3499
Suppose q = -q - 3*n + 15, 2*q = n - 5. Let l(i) = -159*i**3 + i**2 - 2. Let w be l(-1). Suppose q = -5*x + 7*x - w. What are the prime factors of x?
79
Let p = 40 + -35. Suppose -2*f - 4*m = 6, -p*f - 15 = -0*m - m. Let b = f + 35. List the prime factors of b.
2
Suppose -25*y + 28*y = -4*i - 2, 5*y - 4 = -3*i. Suppose -10376 = y*t - 10*t. List the prime factors of t.
1297
Let x(z) = -297*z - 593. Let w be x(-2). Let r(q) = 156*q**2 - q - 1. Let k(a) = -155*a**2 + 2. Let g(h) = 2*k(h) + 3*r(h). List the prime factors of g(w).
2, 3, 13
Let j(r) be the second derivative of -5*r**3/6 - r**2/2 - 3*r. Let i be j(2). Let o = 61 - i. What are the prime factors of o?
2, 3
Let m be (-54)/(-135) - 7187/5. What are the prime factors of 12/18*m/(-2)?
479
Let f = 4 + 1. Suppose 3*p - 3*x + 4*x = 9, -f*p = x - 13. Suppose 5*g - 390 = -3*c - p*c, -4*c = -16. List the prime factors of g.
2, 37
Suppose 3*j - 2*f - 85 = 0, 3*j + f = 58 + 12. Let s be -1*(-2 + (-3 - j)). Suppose -2*l + 3*i + 72 = l, -2*i + s = l. What are the prime factors of l?
2, 13
Let k = 449 + -436. Suppose -2632 = -a - k*a. List the prime factors of a.
2, 47
Suppose 5*d - 10*d + s = -51, -2*d + 5*s + 25 = 0. What are the prime factors of -5 + d + -2 + 756?
3, 11, 23
List the prime factors of (3/(-4))/((-3)/(-6861)*18/(-24)).
2287
Let f = -296 - -341. Let k be 0 - -1 - 15*3. What are the prime factors of (f/(-10))/(3/k)?
2, 3, 11
Let z(y) = 7*y**2 + 2*y - 2. Let t be z(-2). Suppose 0 = -28*s + t*s - 228. What are the prime factors of (-2)/1*-2 - s?
2, 3, 7
Let y = 1421 - -11458. What are the prime factors of y?
3, 53
Let i(r) = r**3 - 4*r**2 - 14*r. Let c be i(6). Let m be 1002/9 + c/9. Suppose 0 = 4*u - 2*u - m. What are the prime factors of u?
5, 11
Let c(r) = r**3 + 13*r**2 - 3*r - 17. Let v be c(-13). Let l = -149 - v. Let p = -90 - l. List the prime factors of p.
3
Let w be (3/(-9))/(1/(-6)) - -1. Suppose w*l - 8 = 4*y + y, 5*l - y + 16 = 0. What are the prime factors of (-21)/2*l/(-18)*-93?
7, 31
List the prime factors of (-558 - 23957)/(1/(-3)).
3, 5, 4903
Suppose 0 = -19*r + 5922 + 18645. List the prime factors of r.
3, 431
Suppose 34*t = 72 - 4. List the prime factors of -10*(-18)/(-30)*(-192)/t.
2, 3
Suppose 2*s - 6004 = -2*b, -5*b - 3*s = -b - 12005. What are the prime factors of b?
299